{"version":"1.0","provider_name":"On!","provider_url":"https:\/\/on.eus\/fr\/","author_name":"ON!","author_url":"https:\/\/on.eus\/fr\/author\/info_pcac1wat\/","title":"Les carnavals basques et leurs personnages &#8226; On!","type":"rich","width":600,"height":338,"html":"<blockquote class=\"wp-embedded-content\" data-secret=\"fA8V3VRGDV\"><a href=\"https:\/\/on.eus\/fr\/euskal-ihauteriak-eta-haien-pertsonaiak\/\">Les carnavals basques et leurs personnages<\/a><\/blockquote><iframe sandbox=\"allow-scripts\" security=\"restricted\" src=\"https:\/\/on.eus\/fr\/euskal-ihauteriak-eta-haien-pertsonaiak\/embed\/#?secret=fA8V3VRGDV\" width=\"600\" height=\"338\" title=\"\u00ab\u00a0Les carnavals basques et leurs personnages\u00a0\u00bb &#8212; On!\" data-secret=\"fA8V3VRGDV\" frameborder=\"0\" marginwidth=\"0\" marginheight=\"0\" scrolling=\"no\" class=\"wp-embedded-content\"><\/iframe><script>\n\/*! This file is auto-generated *\/\n!function(d,l){\"use strict\";l.querySelector&&d.addEventListener&&\"undefined\"!=typeof URL&&(d.wp=d.wp||{},d.wp.receiveEmbedMessage||(d.wp.receiveEmbedMessage=function(e){var t=e.data;if((t||t.secret||t.message||t.value)&&!\/[^a-zA-Z0-9]\/.test(t.secret)){for(var s,r,n,a=l.querySelectorAll('iframe[data-secret=\"'+t.secret+'\"]'),o=l.querySelectorAll('blockquote[data-secret=\"'+t.secret+'\"]'),c=new RegExp(\"^https?:$\",\"i\"),i=0;i<o.length;i++)o[i].style.display=\"none\";for(i=0;i<a.length;i++)s=a[i],e.source===s.contentWindow&&(s.removeAttribute(\"style\"),\"height\"===t.message?(1e3<(r=parseInt(t.value,10))?r=1e3:~~r<200&&(r=200),s.height=r):\"link\"===t.message&&(r=new URL(s.getAttribute(\"src\")),n=new URL(t.value),c.test(n.protocol))&&n.host===r.host&&l.activeElement===s&&(d.top.location.href=t.value))}},d.addEventListener(\"message\",d.wp.receiveEmbedMessage,!1),l.addEventListener(\"DOMContentLoaded\",function(){for(var e,t,s=l.querySelectorAll(\"iframe.wp-embedded-content\"),r=0;r<s.length;r++)(t=(e=s[r]).getAttribute(\"data-secret\"))||(t=Math.random().toString(36).substring(2,12),e.src+=\"#?secret=\"+t,e.setAttribute(\"data-secret\",t)),e.contentWindow.postMessage({message:\"ready\",secret:t},\"*\")},!1)))}(window,document);\n\/\/# sourceURL=https:\/\/on.eus\/wp-includes\/js\/wp-embed.min.js\n<\/script>\n","thumbnail_url":"https:\/\/on.eus\/wp-content\/uploads\/2026\/03\/on-euskara-Ihauterietako-pertsonaiak.jpeg","thumbnail_width":1600,"thumbnail_height":1066,"description":"Pendant les carnavals du Pays basque, vous avez s\u00fbrement vu de nombreux personnages diff\u00e9rents. Certain\u00b7e\u00b7s ont une apparence \u00e9l\u00e9gante ; d\u2019autres, au contraire, sont sales ou comiques. Certain\u00b7e\u00b7s personnages sont li\u00e9s \u00e0 la nature, tandis que d\u2019autres repr\u00e9sentent le c\u00f4t\u00e9 n\u00e9gatif de la soci\u00e9t\u00e9. M\u00eame si chacun\u00b7e provient d\u2019une r\u00e9alit\u00e9 diff\u00e9rente, tou\u00b7te\u00b7s ont le m\u00eame [&hellip;]"}

Pendant les carnavals du Pays basque, vous avez sûrement vu de nombreux personnages différents. Certain·e·s ont une apparence élégante ; d’autres, au contraire, sont sales ou comiques. Certain·e·s personnages sont liés à la nature, tandis que d’autres représentent le côté négatif de la société. Même si chacun·e provient d’une réalité différente, tou·te·s ont le même [&hellip;]
