{"id":27144,"date":"2026-09-03T20:07:36","date_gmt":"2026-09-03T18:07:36","guid":{"rendered":"https:\/\/on.eus\/?post_type=lan-eskaintza&#038;p=27144"},"modified":"2026-09-03T20:09:25","modified_gmt":"2026-09-03T18:09:25","slug":"animateur-ice-litterature-jeunesse-en-langue-basque","status":"publish","type":"lan-eskaintza","link":"https:\/\/on.eus\/fr\/offres-emploi\/animateur-ice-litterature-jeunesse-en-langue-basque\/","title":{"rendered":"Animateur.ice litt\u00e9rature jeunesse en langue basque"},"template":"","enplegatzaile":[],"class_list":["post-27144","lan-eskaintza","type-lan-eskaintza","status-publish","hentry"],"acf":{"Aurkezpena":"Missions :\r\n<ul>\r\n \t<li>Animation d'ateliers autour de la litt\u00e9rature jeunesse aupr\u00e8s de diff\u00e9rents publics<\/li>\r\n \t<li>Participation \u00e0 la programmation et organisation du festival du livre \u00ab Petit Bouquinville \u00bb pour toute la partie bascophone : contact avec les auteur.ices\/ateliers avec les scolaires\/ communication\/relais avec la presse...<\/li>\r\n \t<li>Gestion des supports de communication bilingues de l'association : site Internet, r\u00e9seaux sociaux, programme mensuel, newsletters<\/li>\r\n<\/ul>\r\n<strong>Comp\u00e9tences requises :<\/strong>\r\n<ul>\r\n \t<li>Bac +2<\/li>\r\n \t<li>Bonne ma\u00eetrise des langues fran\u00e7aise et basque (\u00e9crite et orale).<\/li>\r\n \t<li>Comp\u00e9tences informatiques de base : traitement de texte, d'image, r\u00e9seaux sociaux...<\/li>\r\n \t<li>Connaissance et int\u00e9r\u00eat pour la litt\u00e9rature jeunesse<\/li>\r\n \t<li>Exp\u00e9rience en animation et tout particuli\u00e8rement aupr\u00e8s des enfants<\/li>\r\n<\/ul>\r\n<strong>Candidatures et renseignements :<\/strong>\r\n\r\nSandrine Mounier, directrice de l'association\r\nsmounier@libreplume.fr\r\n07 61 56 63 12\r\n6 bis avenue de Jouandin\/64 100 Bayonne","Enplegatzailea":"Libreplume","logoa":27145,"herria":"Bayonne","kontratua":["CDD d\u2019un an, possibilit\u00e9 de prolongement"],"lanaldia":["30 heures hebdomadaires"],"epemuga":"20260915","lotura":"","dokumentua":null},"yoast_head":"<!-- This site is optimized with the Yoast SEO plugin v28.4 - https:\/\/yoast.com\/product\/yoast-seo-wordpress\/ -->\n<title>Animateur.ice litt\u00e9rature jeunesse en langue basque &#8226; On!<\/title>\n<meta name=\"robots\" content=\"index, follow, max-snippet:-1, max-image-preview:large, max-video-preview:-1\" \/>\n<link rel=\"canonical\" href=\"https:\/\/on.eus\/fr\/offres-emploi\/animateur-ice-litterature-jeunesse-en-langue-basque\/\" \/>\n<meta property=\"og:locale\" content=\"fr_FR\" \/>\n<meta property=\"og:type\" content=\"article\" \/>\n<meta property=\"og:title\" content=\"Animateur.ice litt\u00e9rature jeunesse en langue basque &#8226; On!\" \/>\n<meta property=\"og:url\" content=\"https:\/\/on.eus\/fr\/offres-emploi\/animateur-ice-litterature-jeunesse-en-langue-basque\/\" \/>\n<meta property=\"og:site_name\" content=\"On!\" \/>\n<meta property=\"article:publisher\" content=\"https:\/\/www.facebook.com\/ongietorria\" \/>\n<meta property=\"article:modified_time\" content=\"2026-09-03T18:09:25+00:00\" \/>\n<meta property=\"og:image\" content=\"https:\/\/on.eus\/wp-content\/uploads\/2025\/09\/on-euskara-eskura.png\" \/>\n\t<meta property=\"og:image:width\" content=\"1200\" \/>\n\t<meta property=\"og:image:height\" content=\"675\" \/>\n\t<meta property=\"og:image:type\" content=\"image\/png\" \/>\n<meta name=\"twitter:card\" content=\"summary_large_image\" \/>\n<script type=\"application\/ld+json\" class=\"yoast-schema-graph\">{\"@context\":\"https:\\\/\\\/schema.org\",\"@graph\":[{\"@type\":\"WebPage\",\"@id\":\"https:\\\/\\\/on.eus\\\/fr\\\/offres-emploi\\\/animateur-ice-litterature-jeunesse-en-langue-basque\\\/\",\"url\":\"https:\\\/\\\/on.eus\\\/fr\\\/offres-emploi\\\/animateur-ice-litterature-jeunesse-en-langue-basque\\\/\",\"name\":\"Animateur.ice litt\u00e9rature jeunesse en langue basque &#8226; On!\",\"isPartOf\":{\"@id\":\"https:\\\/\\\/on.eus\\\/fr\\\/#website\"},\"datePublished\":\"2026-09-03T18:07:36+00:00\",\"dateModified\":\"2026-09-03T18:09:25+00:00\",\"breadcrumb\":{\"@id\":\"https:\\\/\\\/on.eus\\\/fr\\\/offres-emploi\\\/animateur-ice-litterature-jeunesse-en-langue-basque\\\/#breadcrumb\"},\"inLanguage\":\"fr-FR\",\"potentialAction\":[{\"@type\":\"ReadAction\",\"target\":[\"https:\\\/\\\/on.eus\\\/fr\\\/offres-emploi\\\/animateur-ice-litterature-jeunesse-en-langue-basque\\\/\"]}]},{\"@type\":\"BreadcrumbList\",\"@id\":\"https:\\\/\\\/on.eus\\\/fr\\\/offres-emploi\\\/animateur-ice-litterature-jeunesse-en-langue-basque\\\/#breadcrumb\",\"itemListElement\":[{\"@type\":\"ListItem\",\"position\":1,\"name\":\"Hasiera\",\"item\":\"https:\\\/\\\/on.eus\\\/fr\\\/\"},{\"@type\":\"ListItem\",\"position\":2,\"name\":\"Lan eskaintzak\",\"item\":\"https:\\\/\\\/on.eus\\\/fr\\\/offres-emploi\\\/\"},{\"@type\":\"ListItem\",\"position\":3,\"name\":\"Animateur.ice litt\u00e9rature jeunesse en langue basque\"}]},{\"@type\":\"WebSite\",\"@id\":\"https:\\\/\\\/on.eus\\\/fr\\\/#website\",\"url\":\"https:\\\/\\\/on.eus\\\/fr\\\/\",\"name\":\"ON!\",\"description\":\"Pizten gaituena\",\"publisher\":{\"@id\":\"https:\\\/\\\/on.eus\\\/fr\\\/#organization\"},\"alternateName\":\"Piztu euskaraz\",\"potentialAction\":[{\"@type\":\"SearchAction\",\"target\":{\"@type\":\"EntryPoint\",\"urlTemplate\":\"https:\\\/\\\/on.eus\\\/fr\\\/?s={search_term_string}\"},\"query-input\":{\"@type\":\"PropertyValueSpecification\",\"valueRequired\":true,\"valueName\":\"search_term_string\"}}],\"inLanguage\":\"fr-FR\"},{\"@type\":\"Organization\",\"@id\":\"https:\\\/\\\/on.eus\\\/fr\\\/#organization\",\"name\":\"On!\",\"url\":\"https:\\\/\\\/on.eus\\\/fr\\\/\",\"logo\":{\"@type\":\"ImageObject\",\"inLanguage\":\"fr-FR\",\"@id\":\"https:\\\/\\\/on.eus\\\/fr\\\/#\\\/schema\\\/logo\\\/image\\\/\",\"url\":\"https:\\\/\\\/on.eus\\\/wp-content\\\/uploads\\\/2025\\\/09\\\/logo-on-euskara-eskura.png\",\"contentUrl\":\"https:\\\/\\\/on.eus\\\/wp-content\\\/uploads\\\/2025\\\/09\\\/logo-on-euskara-eskura.png\",\"width\":696,\"height\":696,\"caption\":\"On!\"},\"image\":{\"@id\":\"https:\\\/\\\/on.eus\\\/fr\\\/#\\\/schema\\\/logo\\\/image\\\/\"},\"sameAs\":[\"https:\\\/\\\/www.facebook.com\\\/ongietorria\",\"https:\\\/\\\/www.instagram.com\\\/onpiztu\\\/\",\"https:\\\/\\\/www.linkedin.com\\\/company\\\/onpiztu\",\"https:\\\/\\\/www.youtube.com\\\/@piztu-euskara\",\"https:\\\/\\\/mastodon.eus\\\/@Piztueuskara\"]}]}<\/script>\n<!-- \/ Yoast SEO plugin. -->","yoast_head_json":{"title":"Animateur.ice litt\u00e9rature jeunesse en langue basque &#8226; On!","robots":{"index":"index","follow":"follow","max-snippet":"max-snippet:-1","max-image-preview":"max-image-preview:large","max-video-preview":"max-video-preview:-1"},"canonical":"https:\/\/on.eus\/fr\/offres-emploi\/animateur-ice-litterature-jeunesse-en-langue-basque\/","og_locale":"fr_FR","og_type":"article","og_title":"Animateur.ice litt\u00e9rature jeunesse en langue basque &#8226; On!","og_url":"https:\/\/on.eus\/fr\/offres-emploi\/animateur-ice-litterature-jeunesse-en-langue-basque\/","og_site_name":"On!","article_publisher":"https:\/\/www.facebook.com\/ongietorria","article_modified_time":"2026-09-03T18:09:25+00:00","og_image":[{"width":1200,"height":675,"url":"https:\/\/on.eus\/wp-content\/uploads\/2025\/09\/on-euskara-eskura.png","type":"image\/png"}],"twitter_card":"summary_large_image","schema":{"@context":"https:\/\/schema.org","@graph":[{"@type":"WebPage","@id":"https:\/\/on.eus\/fr\/offres-emploi\/animateur-ice-litterature-jeunesse-en-langue-basque\/","url":"https:\/\/on.eus\/fr\/offres-emploi\/animateur-ice-litterature-jeunesse-en-langue-basque\/","name":"Animateur.ice litt\u00e9rature jeunesse en langue basque &#8226; On!","isPartOf":{"@id":"https:\/\/on.eus\/fr\/#website"},"datePublished":"2026-09-03T18:07:36+00:00","dateModified":"2026-09-03T18:09:25+00:00","breadcrumb":{"@id":"https:\/\/on.eus\/fr\/offres-emploi\/animateur-ice-litterature-jeunesse-en-langue-basque\/#breadcrumb"},"inLanguage":"fr-FR","potentialAction":[{"@type":"ReadAction","target":["https:\/\/on.eus\/fr\/offres-emploi\/animateur-ice-litterature-jeunesse-en-langue-basque\/"]}]},{"@type":"BreadcrumbList","@id":"https:\/\/on.eus\/fr\/offres-emploi\/animateur-ice-litterature-jeunesse-en-langue-basque\/#breadcrumb","itemListElement":[{"@type":"ListItem","position":1,"name":"Hasiera","item":"https:\/\/on.eus\/fr\/"},{"@type":"ListItem","position":2,"name":"Lan eskaintzak","item":"https:\/\/on.eus\/fr\/offres-emploi\/"},{"@type":"ListItem","position":3,"name":"Animateur.ice litt\u00e9rature jeunesse en langue basque"}]},{"@type":"WebSite","@id":"https:\/\/on.eus\/fr\/#website","url":"https:\/\/on.eus\/fr\/","name":"ON!","description":"Pizten gaituena","publisher":{"@id":"https:\/\/on.eus\/fr\/#organization"},"alternateName":"Piztu euskaraz","potentialAction":[{"@type":"SearchAction","target":{"@type":"EntryPoint","urlTemplate":"https:\/\/on.eus\/fr\/?s={search_term_string}"},"query-input":{"@type":"PropertyValueSpecification","valueRequired":true,"valueName":"search_term_string"}}],"inLanguage":"fr-FR"},{"@type":"Organization","@id":"https:\/\/on.eus\/fr\/#organization","name":"On!","url":"https:\/\/on.eus\/fr\/","logo":{"@type":"ImageObject","inLanguage":"fr-FR","@id":"https:\/\/on.eus\/fr\/#\/schema\/logo\/image\/","url":"https:\/\/on.eus\/wp-content\/uploads\/2025\/09\/logo-on-euskara-eskura.png","contentUrl":"https:\/\/on.eus\/wp-content\/uploads\/2025\/09\/logo-on-euskara-eskura.png","width":696,"height":696,"caption":"On!"},"image":{"@id":"https:\/\/on.eus\/fr\/#\/schema\/logo\/image\/"},"sameAs":["https:\/\/www.facebook.com\/ongietorria","https:\/\/www.instagram.com\/onpiztu\/","https:\/\/www.linkedin.com\/company\/onpiztu","https:\/\/www.youtube.com\/@piztu-euskara","https:\/\/mastodon.eus\/@Piztueuskara"]}]}},"_links":{"self":[{"href":"https:\/\/on.eus\/fr\/wp-json\/wp\/v2\/lan-eskaintza\/27144","targetHints":{"allow":["GET"]}}],"collection":[{"href":"https:\/\/on.eus\/fr\/wp-json\/wp\/v2\/lan-eskaintza"}],"about":[{"href":"https:\/\/on.eus\/fr\/wp-json\/wp\/v2\/types\/lan-eskaintza"}],"wp:attachment":[{"href":"https:\/\/on.eus\/fr\/wp-json\/wp\/v2\/media?parent=27144"}],"wp:term":[{"taxonomy":"enplegatzaile","embeddable":true,"href":"https:\/\/on.eus\/fr\/wp-json\/wp\/v2\/enplegatzaile?post=27144"}],"curies":[{"name":"wp","href":"https:\/\/api.w.org\/{rel}","templated":true}]}}

Animateur.ice littérature jeunesse en langue basque

Missions :
<ul>
 	<li>Animation d'ateliers autour de la littérature jeunesse auprès de différents publics</li>
 	<li>Participation à la programmation et organisation du festival du livre « Petit Bouquinville » pour toute la partie bascophone : contact avec les auteur.ices/ateliers avec les scolaires/ communication/relais avec la presse...</li>
 	<li>Gestion des supports de communication bilingues de l'association : site Internet, réseaux sociaux, programme mensuel, newsletters</li>
</ul>
<strong>Compétences requises :</strong>
<ul>
 	<li>Bac +2</li>
 	<li>Bonne maîtrise des langues française et basque (écrite et orale).</li>
 	<li>Compétences informatiques de base : traitement de texte, d'image, réseaux sociaux...</li>
 	<li>Connaissance et intérêt pour la littérature jeunesse</li>
 	<li>Expérience en animation et tout particulièrement auprès des enfants</li>
</ul>
<strong>Candidatures et renseignements :</strong>

Sandrine Mounier, directrice de l'association
smounier@libreplume.fr
07 61 56 63 12
6 bis avenue de Jouandin/64 100 Bayonne

CDD d’un an, possibilité de prolongement

<!-- This site is optimized with the Yoast SEO plugin v28.4 - https://yoast.com/product/yoast-seo-wordpress/ -->
<title>Animateur.ice littérature jeunesse en langue basque &#8226; On!</title>
<meta name="robots" content="index, follow, max-snippet:-1, max-image-preview:large, max-video-preview:-1" />
<link rel="canonical" href="https://on.eus/fr/offres-emploi/animateur-ice-litterature-jeunesse-en-langue-basque/" />
<meta property="og:locale" content="fr_FR" />
<meta property="og:type" content="article" />
<meta property="og:title" content="Animateur.ice littérature jeunesse en langue basque &#8226; On!" />
<meta property="og:url" content="https://on.eus/fr/offres-emploi/animateur-ice-litterature-jeunesse-en-langue-basque/" />
<meta property="og:site_name" content="On!" />
<meta property="article:publisher" content="https://www.facebook.com/ongietorria" />
<meta property="article:modified_time" content="2026-09-03T18:09:25+00:00" />
<meta property="og:image" content="https://on.eus/wp-content/uploads/2025/09/on-euskara-eskura.png" />
	<meta property="og:image:width" content="1200" />
	<meta property="og:image:height" content="675" />
	<meta property="og:image:type" content="image/png" />
<meta name="twitter:card" content="summary_large_image" />
<script type="application/ld+json" class="yoast-schema-graph">{"@context":"https:\/\/schema.org","@graph":[{"@type":"WebPage","@id":"https:\/\/on.eus\/fr\/offres-emploi\/animateur-ice-litterature-jeunesse-en-langue-basque\/","url":"https:\/\/on.eus\/fr\/offres-emploi\/animateur-ice-litterature-jeunesse-en-langue-basque\/","name":"Animateur.ice littérature jeunesse en langue basque &#8226; On!","isPartOf":{"@id":"https:\/\/on.eus\/fr\/#website"},"datePublished":"2026-09-03T18:07:36+00:00","dateModified":"2026-09-03T18:09:25+00:00","breadcrumb":{"@id":"https:\/\/on.eus\/fr\/offres-emploi\/animateur-ice-litterature-jeunesse-en-langue-basque\/#breadcrumb"},"inLanguage":"fr-FR","potentialAction":[{"@type":"ReadAction","target":["https:\/\/on.eus\/fr\/offres-emploi\/animateur-ice-litterature-jeunesse-en-langue-basque\/"]}]},{"@type":"BreadcrumbList","@id":"https:\/\/on.eus\/fr\/offres-emploi\/animateur-ice-litterature-jeunesse-en-langue-basque\/#breadcrumb","itemListElement":[{"@type":"ListItem","position":1,"name":"Hasiera","item":"https:\/\/on.eus\/fr\/"},{"@type":"ListItem","position":2,"name":"Lan eskaintzak","item":"https:\/\/on.eus\/fr\/offres-emploi\/"},{"@type":"ListItem","position":3,"name":"Animateur.ice littérature jeunesse en langue basque"}]},{"@type":"WebSite","@id":"https:\/\/on.eus\/fr\/#website","url":"https:\/\/on.eus\/fr\/","name":"ON!","description":"Pizten gaituena","publisher":{"@id":"https:\/\/on.eus\/fr\/#organization"},"alternateName":"Piztu euskaraz","potentialAction":[{"@type":"SearchAction","target":{"@type":"EntryPoint","urlTemplate":"https:\/\/on.eus\/fr\/?s={search_term_string}"},"query-input":{"@type":"PropertyValueSpecification","valueRequired":true,"valueName":"search_term_string"}}],"inLanguage":"fr-FR"},{"@type":"Organization","@id":"https:\/\/on.eus\/fr\/#organization","name":"On!","url":"https:\/\/on.eus\/fr\/","logo":{"@type":"ImageObject","inLanguage":"fr-FR","@id":"https:\/\/on.eus\/fr\/#\/schema\/logo\/image\/","url":"https:\/\/on.eus\/wp-content\/uploads\/2025\/09\/logo-on-euskara-eskura.png","contentUrl":"https:\/\/on.eus\/wp-content\/uploads\/2025\/09\/logo-on-euskara-eskura.png","width":696,"height":696,"caption":"On!"},"image":{"@id":"https:\/\/on.eus\/fr\/#\/schema\/logo\/image\/"},"sameAs":["https:\/\/www.facebook.com\/ongietorria","https:\/\/www.instagram.com\/onpiztu\/","https:\/\/www.linkedin.com\/company\/onpiztu","https:\/\/www.youtube.com\/@piztu-euskara","https:\/\/mastodon.eus\/@Piztueuskara"]}]}</script>
<!-- / Yoast SEO plugin. -->

Animateur.ice littérature jeunesse en langue basque &#8226; On!
